2) to base 4.
111110
Convert -2eee (base 15) to base 3.
-111212222
Convert 533545 (base 6) to base 4.
22221221
What is 5427 (base 9) in base 2?
111110011010
What is -157a (base 15) in base 3?
-20022221
24808 (base 13) to base 16
106c6
100110101000100 (base 2) to base 5
1113110
-31101 (base 4) to base 16
-351
Convert -3321 (base 9) to base 15.
-ad4
17271 (base 11) to base 6
304222
What is 1642 (base 13) in base 14?
1293
What is -1651 (base 13) in base 9?
-4441
Convert -94a8 (base 13) to base 7.
-114010
Convert 26651 (base 8) to base 6.
130041
1102021100 (base 3) to base 9
42240
Convert 11022201 (base 3) to base 8.
6117
Convert 4555 (base 12) to base 16.
1e11
Convert 1013 (base 15) to base 4.
311001
What is -110001100101101 (base 2) in base 12?
-12839
Convert 101100100011 (base 2) to base 8.
5443
-101111100 (base 2) to base 8
-574
Convert -1414311 (base 5) to base 7.
-151341
Convert 12265 (base 7) to base 16.
ca0
What is -4134203 (base 5) in base 12?
-33471
What is 59a4 (base 11) in base 15?
24dd
Convert 4660 (base 8) to base 15.
b05
What is -150 (base 11) in base 13?
-107
Convert 2131201 (base 4) to base 16.
2761
2012110 (base 3) to base 15
720
Convert -6cb5 (base 13) to base 5.
-442413
Convert 382 (base 16) to base 3.
1020021
2112 (base 5) to base 14
162
2802 (base 10) to base 13
1377
What is -223 (base 16) in base 13?
-331
Convert -3a2 (base 11) to base 15.
-21a
What is 423223 (base 5) in base 3?
201110111
Convert 110da (base 14) to base 16.
a188
Convert 11011001111110 (base 2) to base 5.
421300
What is 309 (base 14) in base 6?
2433
1301332 (base 4) to base 5
213134
Convert -7713 (base 10) to base 14.
-2b4d
What is -279 (base 10) in base 5?
-2104
Convert -6814 (base 12) to base 10.
-11536
-1017 (base 12) to base 8
-3323
What is 2624 (base 9) in base 15?
8b1
Convert -225a (base 13) to base 4.
-1023013
Convert 45236 (base 7) to base 8.
26264
Convert 18a (base 15) to base 6.
1351
Convert 24150 (base 6) to base 7.
13161
What is -3368 (base 9) in base 11?
-1966
What is -3121 (base 5) in base 10?
-411
-d004 (base 16) to base 4
-31000010
Convert 6237 (base 13) to base 5.
413231
What is 101111110 (base 2) in base 13?
235
What is -4226 (base 7) in base 2?
-10111010010
Convert 5b2 (base 15) to base 8.
2414
What is -14b3 (base 12) in base 3?
-10100100
-101110100101101 (base 2) to base 11
-16a15
-34144 (base 5) to base 14
-c52
Convert -1145 (base 8) to base 9.
-751
Convert 598 (base 12) to base 10.
836
14352 (base 7) to base 15
128c
35d (base 14) to base 16
29f
Convert 552 (base 6) to base 11.
183
-31a (base 13) to base 12
-382
Convert -1010111100010 (base 2) to base 13.
-271c
Convert -26307 (base 8) to base 4.
-2303013
What is 13112 (base 6) in base 4?
133010
Convert 16416 (base 13) to base 5.
2324223
-12 (base 9) to base 11
-10
-501 (base 8) to base 6
-1253
What is -273 (base 13) in base 3?
-121000
-66b (base 16) to base 12
-b4b
Convert 222112 (base 3) to base 13.
431
What is -23 (base 13) in base 9?
-32
Convert -8ac1 (base 14) to base 15.
-7206
What is -12a2 (base 11) in base 12?
-b85
What is -c68e (base 15) in base 6?
-522212
What is -5a0 (base 13) in base 5?
-12400
What is -21000 (base 3) in base 13?
-117
Convert -1315122 (base 6) to base 5.
-4304120
What is 2122120121 (base 3) in base 6?
1041324
Convert 3231230 (base 4) to base 10.
15212
Convert 2102002 (base 4) to base 13.
433c
What is 12120210 (base 3) in base 14?
16ab
6153 (base 8) to base 2
110001101011
Convert -3021 (base 4) to base 5.
-1301
64 (base 15) to base 7
163
What is -26347 (base 10) in base 12?
-132b7
What is -111 (base 2) in base 10?
-7
128 (base 9) to base 10
107
Convert 506 (base 14) to base 16.
3da
Convert 481 (base 10) to base 14.
265
What is -1495 (base 14) in base 12?
-214b
Convert -200 (base 8) to base 16.
-80
-211124 (base 5) to base 13
-3286
What is 10011110010010 (base 2) in base 15?
3005
Convert -5340 (base 10) to base 16.
-14dc
What is -110101000101110 (base 2) in base 10?
-27182
434 (base 6) to base 13
ca
2124 (base 5) to base 2
100100001
2243 (base 8) to base 15
542
10423 (base 7) to base 3
10120211
10046 (base 7) to base 3
10100012
Convert 4197 (base 11) to base 4.
1112233
What is -1636 (base 9) in base 11?
-a35
-3010200 (base 5) to base 13
-18849
Convert 11120 (base 3) to base 12.
a3
What is 737 (base 11) in base 8?
1567
232404 (base 6) to base 12
b704
What is -6ca7 (base 15) in base 7?
-124240
Convert -23a (base 14) to base 6.
-2020
Convert 1a4 (base 14) to base 13.
202
a6 (base 16) to base 14
bc
24050 (base 7) to base 9
8458
What is -2405 (base 6) in base 16?
-245
Convert -42a (base 13) to base 14.
-38c
What is -3d (base 15) in base 12?
-4a
What is 323001 (base 4) in base 11?
2924
Convert 500 (base 12) to base 6.
3200
Convert 2244 (base 5) to base 4.
11010
What is -365 (base 12) in base 10?
-509
What is -1331 (base 5) in base 15?
-e6
19882 (base 12) to base 6
445442
What is -466a (base 12) in base 2?
-1111010110010
What is 233027 (base 8) in base 13?
2a195
Convert -2003011 (base 4) to base 8.
-20305
1311 (base 5) to base 12
152
Convert -11120011 (base 3) to base 8.
-6375
What is -852 (base 10) in base 14?
-44c
What is -431 (base 9) in base 2?
-101100000
What is -14b64 (base 12) in base 9?
-44174
10102212 (base 3) to base 8
4713
-200210 (base 3) to base 6
-2203
-21110001 (base 3) to base 14
-1d9a
4003 (base 11) to base 7
21350
Convert 38 (base 11) to base 4.
221
Convert 64a (base 15) to base 11.
1081
Convert -1126 (base 8) to base 7.
-1513
What is -57 (base 13) in base 3?
-2200
What is -2610 (base 9) in base 11?
-1516
What is 111010010 (base 2) in base 5?
3331
What is 38e (base 15) in base 16?
329
206 (base 14) to base 6
1502
Convert 468 (base 11) to base 7.
1425
Convert -2712 (base 9) to base 4.
-133310
-5c4 (base 16) to base 8
-2704
-2024 (base 5) to base 8
-410
Convert 420134 (base 5) to base 9.
20826
-311 (base 7) to base 2
-10011011
9c (base 14) to base 5
1023
21250 (base 6) to base 11
2206
Convert 7753 (base 11) to base 15.
3067
Convert -202131 (base 4) to base 7.
-6300
Convert 3a6c (base 16) to base 7.
61414
What is 10000221 (base 3) in base 7?
6310
What is 2539 (base 11) in base 13?
1677
1b6 (base 13) to base 4
10332
-1448 (base 10) to base 4
-112220
-1103 (base 4) to base 13
-65
Convert 39d1 (base 15) to base 7.
50665
What is -1011010101010 (base 2) in base 16?
-16aa
-4234 (base 5) to base 12
-3b5
Convert -101000110110 (base 2) to base 13.
-1261
Convert -3772 (base 10) to base 5.
-110042
-448 (base 10) to base 6
-2024
-6ab (base 14) to base 11
-aa7
What is b6 (base 15) in base 9?
210
Convert 1100001 (base 2) to base 10.
97
-148b (base 16) to base 13
-2517
Convert 30110 (base 5) to base 16.
771
Convert -10378 (base 12) to base 5.
-1140020
What is -23202 (base 4) in base 13?
-44a
11c0 (base 15) to base 4
323010
113330 (base 4) to base 6
11032
Convert -6b68 (base 13) to base 16.
-3b17
17040 (base 11) to base 5
1232002
-11230 (base 5) to base 9
-1105
What is -102022 (base 3) in base 14?
-17b
Convert 3649 (base 10) to base 5.
104044
What is -407 (base 12) in base 15?
-28d
What is -711 (base 8) in base 6?
-2041
What is 232 (base 16) in base 5?
4222
What is -11203 (base 6) in base 2?
-11000110011
Convert 51484 (base 9) to base 10.
33934
Convert -21831 (base 11) to base 12.
-16367
-11000100000 (base 2) to base 5
-22233
What is -d12 (base 14) in base 3?
-10111222
What is -5309 (base 11) in base 8?
-15563
Convert -420 (base 12) to base 3.
-211020
303 (base 7) to base 4
2112
What is 111000000000101 (base 2) in base 13?
1008c
-23027 (base 9) to base 2
-11101111100110
What is -206 (base 10) in base 13?
-12b
Convert -12535 (base 7) to base 3.
-11121101
6a (base 14) to base 10
94
5050 (base 6) to base 14
594
What is -10000001200 (base 3) in base 13?
-20b89
Convert 611d (base 16) to base 9.
37083
Convert -9b9 (base 16) to base 5.
-34424
611 (base 9) to base 11
411
What is 201210 (base 3) in base 10?
534
7b6 (base 15) to base 11
1348
Convert 365b (base 15) to base 4.
2310221
Convert -25747 (base 8) to base 3.
-120102021
Convert 1537 (base 14) to base 8.
7275
Convert 7483 (base 10) to base 15.
233d
Convert -101211 (base 3) to base 7.
-565
3de (base 16) to base 12
6a6
Convert -15334 (base 8) to base 14.
-2712
2337 (base 9) to base 5
23420
What is 110010010111010 (base 2)